2 - 8*z + 6. Let a be n(-14). Suppose 0 = -4*x + a + 334. Suppose -5*g - 2*p = -x, -2*g - 3*p - 2 = -58. Is g prime?
False
Let h = -886557 + 1629164. Is h a composite number?
False
Let n = -1375 + 383. Let m = n + 1666. Is (4 - 2) + (1*m - -1) composite?
False
Is (11273/(-2))/((-11 - -4)/14) a prime number?
True
Let d(b) = 2603*b**2 + 6*b - 8. Let q be d(-5). Suppose q = -39*y + 222948. Is y a composite number?
False
Let b be (-1)/(-3) - (-50)/(-15) - -151. Let a be (-1)/6*-3*0. Suppose a*q - b = -4*q. Is q prime?
True
Let k(l) = 680376*l - 1353. Is k(2) a composite number?
True
Suppose -223*g + 218*g = -7160. Suppose a - g = 3829. Is a prime?
True
Suppose 2*c + 5*p = 344, 4*p - 860 = -5*c + 2*p. Let b = -1412 + c. Let z = -653 - b. Is z a prime number?
True
Let m be (14/4)/(7 - (-339309)/(-48474)). Let q = m + -12764. Is q prime?
False
Let v(f) = f**3 - 15*f**2 - 18*f + 35. Let p be v(16). Let j be -3*8/36*p + 4. Suppose 5574 = 2*y - 4*h, -y - j*y + 8350 = 5*h. Is y prime?
False
Let i(x) = x**2 - 5*x - 9. Let h be i(-2). Suppose -n + h*r - 1507 = n, -3*n - 4*r = 2318. Let y = n + 1317. Is y composite?
True
Is ((-3)/6)/(33/(-22))*(632469 + 0) a prime number?
True
Suppose -2*w + 260826 = g, -4*w + 4*g + 160223 = -361453. Is w composite?
True
Let a(q) = -2*q + 39. Let s be a(22). Is s - ((-47430)/5 - -2) a composite number?
False
Let a(y) = 143*y**2 + 72*y + 746. Is a(-11) a prime number?
True
Suppose 2*b - 109262 - 5996 = 4*x, 0 = 5*b + 8*x - 288217. Is b a composite number?
False
Suppose -1804 = -3*t + m, -3*t - 2*t = 5*m - 3020. Suppose -c + z = 116, -z = 4*z - 25. Let a = t + c. Is a a prime number?
True
Suppose -4*j + 16 = -20. Let t be (j/15)/((-4)/(-20)). Suppose t*h = -0*h + 159. Is h prime?
True
Let o(w) = -w**3 - 5*w**2 + 6*w + 12. Let v be o(-4). Let n = -28 - v. Suppose -7*g + 1404 + 1725 = n. Is g a prime number?
False
Let v be (102/357)/((-2)/(-14)). Let w = -59 + 11. Is 1*v + 8/(w/(-8010)) a composite number?
True
Let t(z) = 20049*z - 1003. Is t(50) prime?
True
Let r = -52 + 57. Suppose -4*b + 15 = 3*t, 4*b + t - 10 = -r. Suppose 20*u - 26*u + 2532 = b. Is u a prime number?
False
Suppose -w = 114 + 9. Let q = 128 + w. Suppose 0 = -4*g - q*r + 4531, -3*r - 464 = -g + 690. Is g a composite number?
True
Let r = 1478921 - 466086. Is r a composite number?
True
Suppose 5*a + 3326 = 821. Let r(d) = 177*d - 922. Let w be r(10). Let x = w + a. Is x a prime number?
True
Let t = -145 - -154. Let q(w) = 76*w**2 - 45*w - 14. Is q(t) a composite number?
False
Let g(o) = -o**3 - 18*o**2 + 11. Let h be g(-18). Let r be (-29)/(-7) + h/(-77). Let d(q) = 37*q - 21. Is d(r) a composite number?
False
Suppose o = -o + v - 207, 0 = 4*v - 4. Let g = 2794 - o. Is g a composite number?
False
Let x = 30 - 15. Let w be (4/(-6))/((-10)/x). Is -1 - 2 - w*(-3 + -291) a prime number?
False
Let i be (-9)/(-1) - 1/(1 - 2). Suppose -3*c + i*c + 2366 = 0. Let p = c - -753. Is p prime?
False
Let n(u) be the first derivative of 173*u**2/2 + 2*u + 21. Let j be 3 - (-1)/2*0. Is n(j) prime?
True
Let z = -45563 + 315970. Is z composite?
False
Let n(i) = 110*i**2 + 1176*i - 19. Is n(16) a prime number?
True
Is (-4 + 3)*-3907*14*10/20 a prime number?
False
Let f be ((-13)/3 - (-4)/(-6))/(-1). Suppose -f*q = 3*k - k - 30, 2*q - 4 = 0. Suppose -3*n = 2*r - 1247, 0 = -7*n + k*n - 4*r - 1277. Is n a prime number?
True
Let l = -1079 + 761. Let n = 583 + l. Is n prime?
False
Let p = -106 - -14. Let n be (-2 - 3)*(-5 + p/(-20)). Suppose -3*v = -5*c + 3436, 2527 = 4*c + n*v - 235. Is c a prime number?
False
Let g(o) = -460*o**2 - 3*o + 1. Let r = -43 - -45. Let a be g(r). Is (a + 0)/(-3) - (3 - 2) a composite number?
True
Let y(w) = 194*w**3 + w**2 - 5*w - 5. Let j be y(-1). Let z = -140 - j. Is z a composite number?
False
Is (2 - (12/(-1))/(-3))/(4/(-51738)) a composite number?
True
Let o(t) be the third derivative of -53*t**6/15 + t**5/15 + t**4/24 + 2*t**3/3 + t**2 - 13*t. Let a be o(-3). Suppose 1690 - a = -5*d. Is d a composite number?
True
Suppose 0 = -3*u - k + 3*k + 249171, 0 = 3*u - 3*k - 249168. Is u composite?
False
Let c(x) be the third derivative of -515*x**4/12 - 103*x**3/6 + 79*x**2. Is c(-18) composite?
True
Let p(l) = -25211*l**3 - l**2 + 39*l + 40. Is p(-1) composite?
True
Suppose 129*d + 861 = 122*d. Is (41/d)/(1/(-213)) a composite number?
False
Suppose 5*z - 9 = 2*z. Suppose z*u = 37 - 7. Suppose -11082 = 4*w - u*w. Is w prime?
True
Suppose 4*u = 16*a - 15*a + 27, -4*a + 5*u - 53 = 0. Let j(q) = 201*q + 76. Let c(r) = -50*r - 19. Let d(f) = 9*c(f) + 2*j(f). Is d(a) a composite number?
False
Let j(g) = 2797*g**2 - 139*g + 763. Is j(6) a composite number?
False
Suppose -43 = -2*n + 1. Let z be (-4)/n - (-126144)/99. Let s = z + -777. Is s a prime number?
False
Let t = 2887 + -1701. Suppose -5*k = -5*j + 2610, -2*k = 3*j - 375 - t. Is j prime?
True
Let h(q) = -23*q - 110. Let t be h(-5). Suppose 3*a = -4*v + 78176, -t*v - 19527 = -6*v - 5*a. Is v prime?
False
Let u = -5505 + 14009. Suppose 2*k - 13*z = -8*z + 8496, -2*k + 3*z + u = 0. Is k composite?
True
Let b = 115 + -7. Let h be b/15 + (-2)/10. Is h/7 - -1*142 composite?
True
Let p(b) be the second derivative of -3*b**3/2 + 2*b**2 - 9*b. Suppose 14 = -10*r + 3*r. Is p(r) a prime number?
False
Suppose 3*m + 12 = 0, -2*h - 259109 + 941187 = -2*m. Is h composite?
True
Let g be (3 - -23) + 7/(-1). Let p(m) = 2*m**3 - 26*m**2 + m - 68. Is p(g) composite?
False
Let q(y) = -456*y + 69. Let w(p) = 152*p - 23. Suppose -5*n + 4*n = o + 1, -o + 4*n + 24 = 0. Let l(u) = o*q(u) + 11*w(u). Is l(-7) prime?
True
Let g(a) = a**3 + a**2 - 17*a + 2. Let r be g(7). Suppose -2*d - 2*d - 208 = 0. Let k = d + r. Is k a prime number?
True
Let u(n) = n - 2. Let a be u(6). Let b(c) = 308*c**2 + 26*c - 5. Is b(a) a prime number?
False
Is (-33)/9 + (-4691694)/(-153) a composite number?
False
Let b = -3583 + 83622. Is b a prime number?
True
Let b(q) = -25688*q**3 - q - 4. Let l(g) = -128439*g**3 + g**2 - 5*g - 22. Let h(i) = -11*b(i) + 2*l(i). Is h(1) prime?
True
Let w = 125208 - -107975. Is w composite?
False
Let j = -911 - -2485. Let x = 71 - j. Let k = 3196 + x. Is k a prime number?
True
Suppose 2021*f - 2005*f = 16026544. Is f a prime number?
True
Is ((-495)/(-18) + -21)*233958/39 composite?
False
Is (-3802148)/(-126)*45/10 a composite number?
True
Suppose -65*k = -69*k + 20. Suppose 2*v = -v - 4*o - 3837, k*v - 2*o = -6421. Let t = v - -2250. Is t a prime number?
True
Suppose -4*d = -2*u + 28, -u + 0*u + 3*d = -13. Let k = -9 + u. Suppose k*f - 1756 = -4*c + 3*f, -5*c - 3*f = -2195. Is c a prime number?
True
Suppose -5*o + o = 2*t + 22, -5*o - 2*t = 25. Is 1*o - (-1 + 2 + -645) a composite number?
False
Let z(u) be the second derivative of -87*u**4/8 - 2*u**3/3 - u**2 - 14*u. Let a(s) be the first derivative of z(s). Is a(-1) a prime number?
True
Is 72/126*(-5298692)/(-16) a composite number?
False
Suppose -532715 - 235402 = -3*a - 12*h, 256033 = a + 3*h. Is a a prime number?
False
Is ((-48463)/1)/((-29)/(-116) - 12/16) a composite number?
True
Suppose 0 = 8*p - 6*p + 10524. Let d = -1135 - p. Is d composite?
False
Suppose 49*o = 52*o - 9. Suppose -4*c + o*h + 70624 = 2*h, 3*c - 5*h = 52951. Suppose -c + 3109 = -4*u. Is u composite?
False
Let b(x) = 114*x + 25. Let u(w) = 5*w + 10. Let d be u(-2). Let t be -2*(d - (-9)/(-6)*2). Is b(t) a prime number?
True
Suppose 2 = 3*m - 4*q - 5, -q = 4*m - 22. Let c(k) be the third derivative of 17*k**5/60 - k**4/3 + k**3 + 8*k**2. Is c(m) prime?
False
Let i(b) = b. Let k(s) = -10*s - 1. Let a(n) = 6*i(n) + k(n). Let u be a(-4). Suppose 294 = 3*y + 3*q, 2*q + 3*q - u = 0. Is y a prime number?
False
Let u be 6/9 - 10/(-3). Suppose o - 3*q + 8 = 0, 4*o + u*q + 16 = -0*o. Is (176/(-6) - (o - -2))*-57 a prime number?
False
Let g = 463 - 461. Suppose 4327 = d + 5*a, -g*d - 7*a + 8654 = -2*a. Is d prime?
True
Let p = -559 - -561. Suppose -p*o - 4737 = -14179. Is o a composite number?
False
Suppose i - 3*t - 16705 = 0, -3*i = 2*i - 5*t - 83545. Let s = -7467 + i. Suppose -3*q - 5*p = -s, q + 70 - 3158 = -3*p. Is q composite?
True
Let t(d) = d**3 + 28*d**2 - 15*d + 11. Let o(a) = -a - 26. Let y be o(-17). Is t(y) prime?
False
Let l = -4 - -9. Suppose -2*j - g = -531, g = l*j - 0*g - 1345. Suppose -f 